{"id":7969,"date":"2020-07-16T14:10:11","date_gmt":"2020-07-16T14:10:11","guid":{"rendered":"https:\/\/www.tubificiodelfriuli.com\/privacy-cv\/"},"modified":"2020-07-16T14:10:11","modified_gmt":"2020-07-16T14:10:11","slug":"privacy-cv","status":"publish","type":"page","link":"https:\/\/www.tubificiodelfriuli.com\/fr\/privacy-cv\/","title":{"rendered":"Privacy Policy \u2013 Curriculum Vitae"},"content":{"rendered":"[vc_row type=\u00a0\u00bbin_container\u00a0\u00bb full_screen_row_position=\u00a0\u00bbmiddle\u00a0\u00bb column_margin=\u00a0\u00bbdefault\u00a0\u00bb column_direction=\u00a0\u00bbdefault\u00a0\u00bb column_direction_tablet=\u00a0\u00bbdefault\u00a0\u00bb column_direction_phone=\u00a0\u00bbdefault\u00a0\u00bb scene_position=\u00a0\u00bbcenter\u00a0\u00bb text_color=\u00a0\u00bbdark\u00a0\u00bb text_align=\u00a0\u00bbleft\u00a0\u00bb row_border_radius=\u00a0\u00bbnone\u00a0\u00bb row_border_radius_applies=\u00a0\u00bbbg\u00a0\u00bb overlay_strength=\u00a0\u00bb0.3&Prime; gradient_direction=\u00a0\u00bbleft_to_right\u00a0\u00bb shape_divider_position=\u00a0\u00bbbottom\u00a0\u00bb bg_image_animation=\u00a0\u00bbnone\u00a0\u00bb shape_type=\u00a0\u00bb\u00a0\u00bb][vc_column column_padding=\u00a0\u00bbno-extra-padding\u00a0\u00bb column_padding_tablet=\u00a0\u00bbinherit\u00a0\u00bb column_padding_phone=\u00a0\u00bbinherit\u00a0\u00bb column_padding_position=\u00a0\u00bball\u00a0\u00bb background_color_opacity=\u00a0\u00bb1&Prime; background_hover_color_opacity=\u00a0\u00bb1&Prime; column_shadow=\u00a0\u00bbnone\u00a0\u00bb column_border_radius=\u00a0\u00bbnone\u00a0\u00bb column_link_target=\u00a0\u00bb_self\u00a0\u00bb gradient_direction=\u00a0\u00bbleft_to_right\u00a0\u00bb overlay_strength=\u00a0\u00bb0.3&Prime; width=\u00a0\u00bb1\/1&Prime; tablet_width_inherit=\u00a0\u00bbdefault\u00a0\u00bb tablet_text_alignment=\u00a0\u00bbdefault\u00a0\u00bb phone_text_alignment=\u00a0\u00bbdefault\u00a0\u00bb column_border_width=\u00a0\u00bbnone\u00a0\u00bb column_border_style=\u00a0\u00bbsolid\u00a0\u00bb bg_image_animation=\u00a0\u00bbnone\u00a0\u00bb][split_line_heading animation_type=\u00a0\u00bbline-reveal-by-space\u00a0\u00bb font_style=\u00a0\u00bbh1&Prime; text_color=\u00a0\u00bb#003c73&Prime; text_content=\u00a0\u00bbInformativa sul Trattamento dei Dati Personali &#8211; Curriculum Vitae\u00a0\u00bb][\/split_line_heading][vc_column_text]In osservanza di quanto previsto dal Regolamento UE 2016\/679 e relativa normativa nazionale di adeguamento, forniamo all\u2019Interessato le dovute informazioni in ordine alle finalit\u00e0 e modalit\u00e0 del trattamento dei dati personali forniti alla consegna o all\u2019invio attraverso l\u2019applicativo di questo sito web del proprio <em>Curriculum Vitae<\/em> e dei dati contenuti al suo interno.<\/p>\n<p>Il trattamento dei dati \u00e8 improntato ai principi di correttezza, liceit\u00e0 e trasparenza, limitazione delle finalit\u00e0 e della conservazione, minimizzazione, esattezza, tutela con ogni mezzo legittimo dell\u2019integrit\u00e0, riservatezza e dei diritti previsti.<\/p>\n<p><strong>1. Titolare del Trattamento (Responsabile ed Incaricati)<\/strong><\/p>\n<p>Il Titolare del Trattamento \u00e8 Tubificio del Friuli Spa, Via J. Linussio, 19, 33061 Rivignano-Teor (UD), Italia, contattabile all\u2019indirizzo <a href=\"mailto:information@tubificiodelfriuli.com?Subject=undefined\">information@tubificiodelfriuli.com<\/a>\u00a0.<br \/>\nLe operazioni di trattamento saranno effettuate da Incaricati designati dal Titolare del Trattamento, i quali operano sotto la sua diretta autorit\u00e0 nel rispetto delle istruzioni ricevute.<\/p>\n<p>&nbsp;<\/p>\n<p><strong>2. Finalit\u00e0<\/strong><\/p>\n<p>Informiamo l\u2019Interessato che i dati personali, volontariamente forniti attraverso l\u2019invio o la consegna del proprio CV, saranno trattati dal Titolare del Trattamento e suoi Incaricati esclusivamente per l\u2019attivit\u00e0 di ricerca e selezione del personale e relative attivit\u00e0 amministrative, per posizioni aperte attuali e future.<br \/>\nTrattamenti dei dati per finalit\u00e0 diverse da quelle qui specificate non saranno effettuati se non previo consenso esplicito dell\u2019Interessato e consegna della relativa informativa.<\/p>\n<p>&nbsp;<\/p>\n<p><strong>3. Natura del conferimento dei dati<\/strong><\/p>\n<p>Il conferimento dei dati nei campi del modulo <em>Curriculum Vitae<\/em> \u00e8 facoltativo ad esclusione di quelli indicati come obbligatori. Quest\u2019ultimi, infatti, sono necessari al raggiungimento delle finalit\u00e0 ed il rifiuto dell&rsquo;Interessato a fornirli determiner\u00e0 per il Titolare del Trattamento e relativi Incaricati l\u2019impossibilit\u00e0 di valutare la candidatura e di dare corso all\u2019eventuale selezione del candidato.<\/p>\n<p><strong>4. Modalit\u00e0 del Trattamento<\/strong><\/p>\n<p>I dati verranno trattati sia con strumenti informatici (prevalentemente), sia su supporti cartacei, che su ogni altro tipo di supporto idoneo, nel rispetto delle misure di sicurezza previste dalla normativa vigente.<br \/>\nI dati personali forniti dall\u2019Interessato, sia mediante la compilazione on-line dei campi del modulo, sia mediante l\u2019invio spontaneo o consegna in altro modo del <em>curriculum vitae<\/em>, in occasione della richiesta di candidatura, saranno conservati nel relativo applicativo esclusivamente per gli scopi sopra indicati.<br \/>\nAi fini del presente paragrafo, Il titolare del Trattamento si impegna ad osservare specifiche misure di sicurezza per prevenire la perdita dei dati, usi illeciti o non corretti ed accessi non autorizzati, nel pieno rispetto delle norme di legge e regolamenti.<\/p>\n<p>&nbsp;<\/p>\n<p><strong>5. Liceit\u00e0<\/strong><\/p>\n<p>L\u2019Interessato deve esprimere il consenso al trattamento dei propri dati personali per le finalit\u00e0 previste dalla presente informativa per poter caricare\/inviare il proprio CV e per poter essere valutato ed eventualmente selezionato.<br \/>\nInoltre, verranno presi in considerazione solo <em>Curriculum Vitae<\/em> che contengano all\u2019interno il consenso per il trattamento dei propri dati.<\/p>\n<p>&nbsp;<\/p>\n<p><strong>6. Comunicazione dei dati a terzi<\/strong><\/p>\n<p>I dati raccolti e trattati in riferimento a questa informativa non vengono comunicati a terze parti.<\/p>\n<p>&nbsp;<\/p>\n<p><strong>7. Tempi della conservazione<\/strong><\/p>\n<p>I dati saranno archiviati per la durata di 2 anni dopo l&rsquo;ultimo contatto, a meno che lo stoccaggio pi\u00f9 lungo sia legalmente consentito per altri motivi o per il legittimo interesse del Titolare del Trattamento.<\/p>\n<p>&nbsp;<\/p>\n<p><strong>8. Diritti dell\u2019Interessato<\/strong><\/p>\n<p>L&rsquo;interessato ha diritto di:<\/p>\n<ul>\n<li>Ottenere conferma dell\u2019esistenza, contenuto e provenienza di dati personali che lo riguardano, anche se non ancora registrati, e la loro comunicazione senza ritardo in forma intelligibile.<\/li>\n<li>Richiedere informazioni, per iscritto, sui suoi dati personali da noi memorizzati (es: origine, finalit\u00e0, modalit\u00e0, categorie, logica applicata, periodo di conservazione, diritti, dati identificativi del Titolare del Trattamento, soggetti o categorie a cui possono essere comunicati i dati).<\/li>\n<li>Revocare il consenso al trattamento dei suoi dati.<\/li>\n<li>Cancellare i suoi dati.<\/li>\n<li>Trasformare e\/o limitare o bloccare i dati trattati in violazione di legge.<\/li>\n<li>Aggiornare, rettificare o integrare i suoi dati.<\/li>\n<li>Ottenere i suoi dati personali, forniti al Titolare del Trattamento, in modo da poterli trasmettere ad altro Titolare del Trattamento.<\/li>\n<li>Avere l\u2019attestazione che le operazioni predette sono state portate a conoscenza di coloro ai quali i dati sono stati comunicati, eccettuato il caso in cui tale adempimento si riveli impossibile o comporti un impiego di mezzi sproporzionato rispetto al diritto tutelato;<\/li>\n<li>Opporsi, in tutto o in parte, per motivi legittimi, al trattamento dei dati personali che lo riguardano, ancorch\u00e9 pertinenti allo scopo della raccolta.<\/li>\n<li>Proporre reclamo all\u2019Autorit\u00e0 Garante per la Privacy ( www.garanteprivacy.it ).<\/li>\n<\/ul>\n<p>Per ulteriori informazioni sui diritti sulla privacy invitiamo l\u2019Interessato a visitare il sito web dell\u2019Autorit\u00e0 Garante: <a href=\"http:\/\/www.garanteprivacy.it\" target=\"_blank\" rel=\"noopener\">www.garanteprivacy.it<\/a> .[\/vc_column_text][\/vc_column][\/vc_row]\n","protected":false},"excerpt":{"rendered":"<p>[vc_row type=\u00a0\u00bbin_container\u00a0\u00bb full_screen_row_position=\u00a0\u00bbmiddle\u00a0\u00bb column_margin=\u00a0\u00bbdefault\u00a0\u00bb column_direction=\u00a0\u00bbdefault\u00a0\u00bb column_direction_tablet=\u00a0\u00bbdefault\u00a0\u00bb column_direction_phone=\u00a0\u00bbdefault\u00a0\u00bb scene_position=\u00a0\u00bbcenter\u00a0\u00bb text_color=\u00a0\u00bbdark\u00a0\u00bb text_align=\u00a0\u00bbleft\u00a0\u00bb row_border_radius=\u00a0\u00bbnone\u00a0\u00bb row_border_radius_applies=\u00a0\u00bbbg\u00a0\u00bb overlay_strength=\u00a0\u00bb0.3&Prime; gradient_direction=\u00a0\u00bbleft_to_right\u00a0\u00bb shape_divider_position=\u00a0\u00bbbottom\u00a0\u00bb bg_image_animation=\u00a0\u00bbnone\u00a0\u00bb shape_type=\u00a0\u00bb\u00a0\u00bb][vc_column column_padding=\u00a0\u00bbno-extra-padding\u00a0\u00bb column_padding_tablet=\u00a0\u00bbinherit\u00a0\u00bb column_padding_phone=\u00a0\u00bbinherit\u00a0\u00bb column_padding_position=\u00a0\u00bball\u00a0\u00bb background_color_opacity=\u00a0\u00bb1&Prime; background_hover_color_opacity=\u00a0\u00bb1&Prime; column_shadow=\u00a0\u00bbnone\u00a0\u00bb column_border_radius=\u00a0\u00bbnone\u00a0\u00bb column_link_target=\u00a0\u00bb_self\u00a0\u00bb gradient_direction=\u00a0\u00bbleft_to_right\u00a0\u00bb overlay_strength=\u00a0\u00bb0.3&Prime; width=\u00a0\u00bb1\/1&Prime; tablet_width_inherit=\u00a0\u00bbdefault\u00a0\u00bb&#8230;<\/p>\n","protected":false},"author":1,"featured_media":0,"parent":0,"menu_order":0,"comment_status":"closed","ping_status":"closed","template":"","meta":[],"_links":{"self":[{"href":"https:\/\/www.tubificiodelfriuli.com\/fr\/wp-json\/wp\/v2\/pages\/7969\/"}],"collection":[{"href":"https:\/\/www.tubificiodelfriuli.com\/fr\/wp-json\/wp\/v2\/pages\/"}],"about":[{"href":"https:\/\/www.tubificiodelfriuli.com\/fr\/wp-json\/wp\/v2\/types\/page\/"}],"author":[{"embeddable":true,"href":"https:\/\/www.tubificiodelfriuli.com\/fr\/wp-json\/wp\/v2\/users\/1\/"}],"replies":[{"embeddable":true,"href":"https:\/\/www.tubificiodelfriuli.com\/fr\/wp-json\/wp\/v2\/comments\/?post=7969"}],"version-history":[{"count":0,"href":"https:\/\/www.tubificiodelfriuli.com\/fr\/wp-json\/wp\/v2\/pages\/7969\/revisions\/"}],"wp:attachment":[{"href":"https:\/\/www.tubificiodelfriuli.com\/fr\/wp-json\/wp\/v2\/media\/?parent=7969"}],"curies":[{"name":"wp","href":"https:\/\/api.w.org\/{rel}","templated":true}]}}

[vc_row type= »in_container » full_screen_row_position= »middle » column_margin= »default » column_direction= »default » column_direction_tablet= »default » column_direction_phone= »default » scene_position= »center » text_color= »dark » text_align= »left » row_border_radius= »none » row_border_radius_applies= »bg » overlay_strength= »0.3&Prime; gradient_direction= »left_to_right » shape_divider_position= »bottom » bg_image_animation= »none » shape_type= » »][vc_column column_padding= »no-extra-padding » column_padding_tablet= »inherit » column_padding_phone= »inherit » column_padding_position= »all » background_color_opacity= »1&Prime; background_hover_color_opacity= »1&Prime; column_shadow= »none » column_border_radius= »none » column_link_target= »_self » gradient_direction= »left_to_right » overlay_strength= »0.3&Prime; width= »1/1&Prime; tablet_width_inherit= »default » tablet_text_alignment= »default » phone_text_alignment= »default » column_border_width= »none » column_border_style= »solid » bg_image_animation= »none »][split_line_heading animation_type= »line-reveal-by-space » font_style= »h1&Prime; text_color= »#003c73&Prime; text_content= »Informativa sul Trattamento dei Dati Personali &#8211; Curriculum Vitae »][/split_line_heading][vc_column_text]In osservanza di quanto previsto dal Regolamento UE 2016/679 e relativa normativa nazionale di adeguamento, forniamo all’Interessato le dovute informazioni in ordine alle finalità e modalità del trattamento dei dati personali forniti alla consegna o all’invio attraverso l’applicativo di questo sito web del proprio <em>Curriculum Vitae</em> e dei dati contenuti al suo interno.</p>
<p>Il trattamento dei dati è improntato ai principi di correttezza, liceità e trasparenza, limitazione delle finalità e della conservazione, minimizzazione, esattezza, tutela con ogni mezzo legittimo dell’integrità, riservatezza e dei diritti previsti.</p>
<p><strong>1. Titolare del Trattamento (Responsabile ed Incaricati)</strong></p>
<p>Il Titolare del Trattamento è Tubificio del Friuli Spa, Via J. Linussio, 19, 33061 Rivignano-Teor (UD), Italia, contattabile all’indirizzo <a href="mailto:information@tubificiodelfriuli.com?Subject=undefined">information@tubificiodelfriuli.com</a> .<br />
Le operazioni di trattamento saranno effettuate da Incaricati designati dal Titolare del Trattamento, i quali operano sotto la sua diretta autorità nel rispetto delle istruzioni ricevute.</p>
<p>&nbsp;</p>
<p><strong>2. Finalità</strong></p>
<p>Informiamo l’Interessato che i dati personali, volontariamente forniti attraverso l’invio o la consegna del proprio CV, saranno trattati dal Titolare del Trattamento e suoi Incaricati esclusivamente per l’attività di ricerca e selezione del personale e relative attività amministrative, per posizioni aperte attuali e future.<br />
Trattamenti dei dati per finalità diverse da quelle qui specificate non saranno effettuati se non previo consenso esplicito dell’Interessato e consegna della relativa informativa.</p>
<p>&nbsp;</p>
<p><strong>3. Natura del conferimento dei dati</strong></p>
<p>Il conferimento dei dati nei campi del modulo <em>Curriculum Vitae</em> è facoltativo ad esclusione di quelli indicati come obbligatori. Quest’ultimi, infatti, sono necessari al raggiungimento delle finalità ed il rifiuto dell&rsquo;Interessato a fornirli determinerà per il Titolare del Trattamento e relativi Incaricati l’impossibilità di valutare la candidatura e di dare corso all’eventuale selezione del candidato.</p>
<p><strong>4. Modalità del Trattamento</strong></p>
<p>I dati verranno trattati sia con strumenti informatici (prevalentemente), sia su supporti cartacei, che su ogni altro tipo di supporto idoneo, nel rispetto delle misure di sicurezza previste dalla normativa vigente.<br />
I dati personali forniti dall’Interessato, sia mediante la compilazione on-line dei campi del modulo, sia mediante l’invio spontaneo o consegna in altro modo del <em>curriculum vitae</em>, in occasione della richiesta di candidatura, saranno conservati nel relativo applicativo esclusivamente per gli scopi sopra indicati.<br />
Ai fini del presente paragrafo, Il titolare del Trattamento si impegna ad osservare specifiche misure di sicurezza per prevenire la perdita dei dati, usi illeciti o non corretti ed accessi non autorizzati, nel pieno rispetto delle norme di legge e regolamenti.</p>
<p>&nbsp;</p>
<p><strong>5. Liceità</strong></p>
<p>L’Interessato deve esprimere il consenso al trattamento dei propri dati personali per le finalità previste dalla presente informativa per poter caricare/inviare il proprio CV e per poter essere valutato ed eventualmente selezionato.<br />
Inoltre, verranno presi in considerazione solo <em>Curriculum Vitae</em> che contengano all’interno il consenso per il trattamento dei propri dati.</p>
<p>&nbsp;</p>
<p><strong>6. Comunicazione dei dati a terzi</strong></p>
<p>I dati raccolti e trattati in riferimento a questa informativa non vengono comunicati a terze parti.</p>
<p>&nbsp;</p>
<p><strong>7. Tempi della conservazione</strong></p>
<p>I dati saranno archiviati per la durata di 2 anni dopo l&rsquo;ultimo contatto, a meno che lo stoccaggio più lungo sia legalmente consentito per altri motivi o per il legittimo interesse del Titolare del Trattamento.</p>
<p>&nbsp;</p>
<p><strong>8. Diritti dell’Interessato</strong></p>
<p>L&rsquo;interessato ha diritto di:</p>
<ul>
<li>Ottenere conferma dell’esistenza, contenuto e provenienza di dati personali che lo riguardano, anche se non ancora registrati, e la loro comunicazione senza ritardo in forma intelligibile.</li>
<li>Richiedere informazioni, per iscritto, sui suoi dati personali da noi memorizzati (es: origine, finalità, modalità, categorie, logica applicata, periodo di conservazione, diritti, dati identificativi del Titolare del Trattamento, soggetti o categorie a cui possono essere comunicati i dati).</li>
<li>Revocare il consenso al trattamento dei suoi dati.</li>
<li>Cancellare i suoi dati.</li>
<li>Trasformare e/o limitare o bloccare i dati trattati in violazione di legge.</li>
<li>Aggiornare, rettificare o integrare i suoi dati.</li>
<li>Ottenere i suoi dati personali, forniti al Titolare del Trattamento, in modo da poterli trasmettere ad altro Titolare del Trattamento.</li>
<li>Avere l’attestazione che le operazioni predette sono state portate a conoscenza di coloro ai quali i dati sono stati comunicati, eccettuato il caso in cui tale adempimento si riveli impossibile o comporti un impiego di mezzi sproporzionato rispetto al diritto tutelato;</li>
<li>Opporsi, in tutto o in parte, per motivi legittimi, al trattamento dei dati personali che lo riguardano, ancorché pertinenti allo scopo della raccolta.</li>
<li>Proporre reclamo all’Autorità Garante per la Privacy ( www.garanteprivacy.it ).</li>
</ul>
<p>Per ulteriori informazioni sui diritti sulla privacy invitiamo l’Interessato a visitare il sito web dell’Autorità Garante: <a href="http://www.garanteprivacy.it" target="_blank" rel="noopener">www.garanteprivacy.it</a> .[/vc_column_text][/vc_column][/vc_row]
